{"id":7605,"date":"2025-07-13T22:39:23","date_gmt":"2025-07-14T03:39:23","guid":{"rendered":"https:\/\/www.icqtech.com\/?page_id=7605"},"modified":"2025-07-13T22:47:53","modified_gmt":"2025-07-14T03:47:53","slug":"camaras-de-seguridad-axis-comunications","status":"publish","type":"page","link":"https:\/\/www.icqtech.com\/?page_id=7605","title":{"rendered":"Camaras de Seguridad &#8211; Axis Comunications"},"content":{"rendered":"\t\t<div data-elementor-type=\"wp-page\" data-elementor-id=\"7605\" class=\"elementor elementor-7605\">\n\t\t\t\t<div class=\"elementor-element elementor-element-5c44163 e-grid e-con-boxed e-con e-parent\" data-id=\"5c44163\" data-element_type=\"container\">\n\t\t\t\t\t<div class=\"e-con-inner\">\n\t\t\t\t<div class=\"elementor-element elementor-element-ee498e3 elementor-widget elementor-widget-image\" data-id=\"ee498e3\" data-element_type=\"widget\" data-widget_type=\"image.default\">\n\t\t\t\t<div class=\"elementor-widget-container\">\n\t\t\t\t\t\t\t\t\t\t\t\t\t\t\t<img decoding=\"async\" width=\"300\" height=\"108\" src=\"https:\/\/www.icqtech.com\/wp-content\/uploads\/2025\/07\/Axis_Communications_logo-300x108.png\" class=\"attachment-medium size-medium wp-image-7610\" alt=\"\" srcset=\"https:\/\/www.icqtech.com\/wp-content\/uploads\/2025\/07\/Axis_Communications_logo-300x108.png 300w, https:\/\/www.icqtech.com\/wp-content\/uploads\/2025\/07\/Axis_Communications_logo-1024x369.png 1024w, https:\/\/www.icqtech.com\/wp-content\/uploads\/2025\/07\/Axis_Communications_logo-768x276.png 768w, https:\/\/www.icqtech.com\/wp-content\/uploads\/2025\/07\/Axis_Communications_logo-720x259.png 720w, https:\/\/www.icqtech.com\/wp-content\/uploads\/2025\/07\/Axis_Communications_logo.png 1200w\" sizes=\"(max-width: 300px) 100vw, 300px\" \/>\t\t\t\t\t\t\t\t\t\t\t\t\t\t\t<\/div>\n\t\t\t\t<\/div>\n\t\t\t\t<div class=\"elementor-element elementor-element-f507a99 elementor-widget elementor-widget-text-editor\" data-id=\"f507a99\" data-element_type=\"widget\" data-widget_type=\"text-editor.default\">\n\t\t\t\t<div class=\"elementor-widget-container\">\n\t\t\t\t\t\t\t\t\t<h1 style=\"text-align: center;\">C\u00e1maras de Seguridad<\/h1>\t\t\t\t\t\t\t\t<\/div>\n\t\t\t\t<\/div>\n\t\t\t\t<div class=\"elementor-element elementor-element-fd00974 elementor-widget elementor-widget-image\" data-id=\"fd00974\" data-element_type=\"widget\" data-widget_type=\"image.default\">\n\t\t\t\t<div class=\"elementor-widget-container\">\n\t\t\t\t\t\t\t\t\t\t\t\t\t\t\t<img fetchpriority=\"high\" decoding=\"async\" width=\"1024\" height=\"279\" src=\"https:\/\/www.icqtech.com\/wp-content\/uploads\/2025\/07\/axis-camaras-de-vigilancia-top-1024x279.png\" class=\"attachment-large size-large wp-image-7611\" alt=\"\" srcset=\"https:\/\/www.icqtech.com\/wp-content\/uploads\/2025\/07\/axis-camaras-de-vigilancia-top-1024x279.png 1024w, https:\/\/www.icqtech.com\/wp-content\/uploads\/2025\/07\/axis-camaras-de-vigilancia-top-300x82.png 300w, https:\/\/www.icqtech.com\/wp-content\/uploads\/2025\/07\/axis-camaras-de-vigilancia-top-768x209.png 768w, https:\/\/www.icqtech.com\/wp-content\/uploads\/2025\/07\/axis-camaras-de-vigilancia-top-720x196.png 720w, https:\/\/www.icqtech.com\/wp-content\/uploads\/2025\/07\/axis-camaras-de-vigilancia-top.png 1434w\" sizes=\"(max-width: 1024px) 100vw, 1024px\" \/>\t\t\t\t\t\t\t\t\t\t\t\t\t\t\t<\/div>\n\t\t\t\t<\/div>\n\t\t\t\t<div class=\"elementor-element elementor-element-8b8c47a elementor-widget elementor-widget-text-editor\" data-id=\"8b8c47a\" data-element_type=\"widget\" data-widget_type=\"text-editor.default\">\n\t\t\t\t<div class=\"elementor-widget-container\">\n\t\t\t\t\t\t\t\t\t<h2 style=\"text-align: center;\">Axis Communications<\/h2>\t\t\t\t\t\t\t\t<\/div>\n\t\t\t\t<\/div>\n\t\t\t\t\t<\/div>\n\t\t\t\t<\/div>\n\t\t\t\t<section class=\"elementor-section elementor-top-section elementor-element elementor-element-7f3cbd8 elementor-section-content-middle ot-traditional elementor-section-boxed elementor-section-height-default elementor-section-height-default\" data-id=\"7f3cbd8\" data-element_type=\"section\" data-settings=\"{&quot;background_background&quot;:&quot;classic&quot;}\">\n\t\t\t\t\t\t<div class=\"elementor-container elementor-column-gap-extended\">\n\t\t\t\t\t<div class=\"elementor-column elementor-col-50 elementor-top-column elementor-element elementor-element-9fc2569 ot-column-items-top ot-flex-column-vertical\" data-id=\"9fc2569\" data-element_type=\"column\">\n\t\t\t<div class=\"elementor-widget-wrap elementor-element-populated\">\n\t\t\t\t\t\t<div class=\"elementor-element elementor-element-925ee15 elementor-widget elementor-widget-iheading\" data-id=\"925ee15\" data-element_type=\"widget\" data-widget_type=\"iheading.default\">\n\t\t\t\t<div class=\"elementor-widget-container\">\n\t\t\t\t\t\t\t<div class=\"ot-heading\">\r\n\t        \t            <span>\/\/ C\u00c1MARAS DE SEGURIDAD<\/span>\r\n\t        <h2 class=\"main-heading\">C\u00e1mara de Red AXIS P3935-LR \n\n<\/h2>\t    <\/div>\r\n\t    \t\t\t\t<\/div>\n\t\t\t\t<\/div>\n\t\t\t\t<div class=\"elementor-element elementor-element-bdcd815 elementor-widget elementor-widget-iheading\" data-id=\"bdcd815\" data-element_type=\"widget\" data-widget_type=\"iheading.default\">\n\t\t\t\t<div class=\"elementor-widget-container\">\n\t\t\t\t\t\t\t<div class=\"ot-heading\">\r\n\t        <h4 class=\"main-heading\">Vigilancia a bordo, sin importar el tipo de luz\n\n\n<\/h4>\t    <\/div>\r\n\t    \t\t\t\t<\/div>\n\t\t\t\t<\/div>\n\t\t\t\t<div class=\"elementor-element elementor-element-5f326aa elementor-widget elementor-widget-text-editor\" data-id=\"5f326aa\" data-element_type=\"widget\" data-widget_type=\"text-editor.default\">\n\t\t\t\t<div class=\"elementor-widget-container\">\n\t\t\t\t\t\t\t\t\t<p style=\"text-align: left;\"><span style=\"color: #000000;\">Dise\u00f1ada espec\u00edficamente para la videovigilancia a bordo de veh\u00edculos y material rodante, la c\u00e1mara <strong>AXIS P3935-LR<\/strong> ofrece im\u00e1genes mejoradas, infrarrojos y micr\u00f3fono integrado, funciones de seguridad mejoradas y amplias funciones de an\u00e1lisis. Incorpora Axis Lightfinder y Axis Forensic WDR para obtener colores reales y gran detalle en condiciones de luz dif\u00edciles o en la oscuridad casi total.<\/span><\/p><p style=\"text-align: center;\">\u00a0<\/p>\t\t\t\t\t\t\t\t<\/div>\n\t\t\t\t<\/div>\n\t\t\t\t<div class=\"elementor-element elementor-element-1fac82d elementor-widget-divider--view-line elementor-widget elementor-widget-divider\" data-id=\"1fac82d\" data-element_type=\"widget\" data-widget_type=\"divider.default\">\n\t\t\t\t<div class=\"elementor-widget-container\">\n\t\t\t\t\t\t\t<div class=\"elementor-divider\">\n\t\t\t<span class=\"elementor-divider-separator\">\n\t\t\t\t\t\t<\/span>\n\t\t<\/div>\n\t\t\t\t\t\t<\/div>\n\t\t\t\t<\/div>\n\t\t\t\t\t<\/div>\n\t\t<\/div>\n\t\t\t\t<div class=\"elementor-column elementor-col-50 elementor-top-column elementor-element elementor-element-7564da8 ot-column-items-top ot-flex-column-vertical\" data-id=\"7564da8\" data-element_type=\"column\">\n\t\t\t<div class=\"elementor-widget-wrap elementor-element-populated\">\n\t\t\t\t\t\t<div class=\"elementor-element elementor-element-0b8c424 elementor-widget elementor-widget-image\" data-id=\"0b8c424\" data-element_type=\"widget\" data-widget_type=\"image.default\">\n\t\t\t\t<div class=\"elementor-widget-container\">\n\t\t\t\t\t\t\t\t\t\t\t\t\t\t\t<img decoding=\"async\" width=\"705\" height=\"918\" src=\"https:\/\/www.icqtech.com\/wp-content\/uploads\/2025\/07\/Captura-de-pantalla-2025-07-13-224007.png\" class=\"attachment-large size-large wp-image-7612\" alt=\"\" srcset=\"https:\/\/www.icqtech.com\/wp-content\/uploads\/2025\/07\/Captura-de-pantalla-2025-07-13-224007.png 705w, https:\/\/www.icqtech.com\/wp-content\/uploads\/2025\/07\/Captura-de-pantalla-2025-07-13-224007-230x300.png 230w\" sizes=\"(max-width: 705px) 100vw, 705px\" \/>\t\t\t\t\t\t\t\t\t\t\t\t\t\t\t<\/div>\n\t\t\t\t<\/div>\n\t\t\t\t\t<\/div>\n\t\t<\/div>\n\t\t\t\t\t<\/div>\n\t\t<\/section>\n\t\t<div class=\"elementor-element elementor-element-ca39207 e-grid e-con-boxed e-con e-parent\" data-id=\"ca39207\" data-element_type=\"container\">\n\t\t\t\t\t<div class=\"e-con-inner\">\n\t\t<div class=\"elementor-element elementor-element-4c39322 e-con-full e-flex e-con e-child\" data-id=\"4c39322\" data-element_type=\"container\" data-settings=\"{&quot;background_background&quot;:&quot;gradient&quot;}\">\n\t\t\t\t<div class=\"elementor-element elementor-element-522a1cb elementor-widget elementor-widget-iheading\" data-id=\"522a1cb\" data-element_type=\"widget\" data-widget_type=\"iheading.default\">\n\t\t\t\t<div class=\"elementor-widget-container\">\n\t\t\t\t\t\t\t<div class=\"ot-heading\">\r\n\t        <h2 class=\"main-heading\">Axis Extremo-a-Extremo\n\n\n<\/h2>\t    <\/div>\r\n\t    \t\t\t\t<\/div>\n\t\t\t\t<\/div>\n\t\t\t\t<div class=\"elementor-element elementor-element-3c91aef elementor-widget elementor-widget-iheading\" data-id=\"3c91aef\" data-element_type=\"widget\" data-widget_type=\"iheading.default\">\n\t\t\t\t<div class=\"elementor-widget-container\">\n\t\t\t\t\t\t\t<div class=\"ot-heading\">\r\n\t        <h4 class=\"main-heading\">Soluciones para Vigilancia\n\n\n\n<\/h4>\t    <\/div>\r\n\t    \t\t\t\t<\/div>\n\t\t\t\t<\/div>\n\t\t\t\t<\/div>\n\t\t\t\t\t<\/div>\n\t\t\t\t<\/div>\n\t\t\t\t<section class=\"elementor-section elementor-top-section elementor-element elementor-element-e4b9d00 elementor-section-content-middle ot-traditional elementor-section-boxed elementor-section-height-default elementor-section-height-default\" data-id=\"e4b9d00\" data-element_type=\"section\" data-settings=\"{&quot;background_background&quot;:&quot;classic&quot;}\">\n\t\t\t\t\t\t<div class=\"elementor-container elementor-column-gap-extended\">\n\t\t\t\t\t<div class=\"elementor-column elementor-col-100 elementor-top-column elementor-element elementor-element-f7fd7f9 ot-column-items-top ot-flex-column-vertical\" data-id=\"f7fd7f9\" data-element_type=\"column\">\n\t\t\t<div class=\"elementor-widget-wrap elementor-element-populated\">\n\t\t\t\t\t\t<div class=\"elementor-element elementor-element-f951470 elementor-widget elementor-widget-image\" data-id=\"f951470\" data-element_type=\"widget\" data-widget_type=\"image.default\">\n\t\t\t\t<div class=\"elementor-widget-container\">\n\t\t\t\t\t\t\t\t\t\t\t\t\t\t\t<img loading=\"lazy\" decoding=\"async\" width=\"1024\" height=\"288\" src=\"https:\/\/www.icqtech.com\/wp-content\/uploads\/2025\/07\/axis-videocamaras-de-vigilancia-1024x288.png\" class=\"attachment-large size-large wp-image-7616\" alt=\"\" srcset=\"https:\/\/www.icqtech.com\/wp-content\/uploads\/2025\/07\/axis-videocamaras-de-vigilancia-1024x288.png 1024w, https:\/\/www.icqtech.com\/wp-content\/uploads\/2025\/07\/axis-videocamaras-de-vigilancia-300x84.png 300w, https:\/\/www.icqtech.com\/wp-content\/uploads\/2025\/07\/axis-videocamaras-de-vigilancia-768x216.png 768w, https:\/\/www.icqtech.com\/wp-content\/uploads\/2025\/07\/axis-videocamaras-de-vigilancia-720x202.png 720w, https:\/\/www.icqtech.com\/wp-content\/uploads\/2025\/07\/axis-videocamaras-de-vigilancia.png 1143w\" sizes=\"(max-width: 1024px) 100vw, 1024px\" \/>\t\t\t\t\t\t\t\t\t\t\t\t\t\t\t<\/div>\n\t\t\t\t<\/div>\n\t\t\t\t<div class=\"elementor-element elementor-element-246deac elementor-widget elementor-widget-text-editor\" data-id=\"246deac\" data-element_type=\"widget\" data-widget_type=\"text-editor.default\">\n\t\t\t\t<div class=\"elementor-widget-container\">\n\t\t\t\t\t\t\t\t\t<p style=\"text-align: left;\"><span style=\"color: #000000;\">Soluciones de seguridad para todas las empresas. Adecuado para ti hoy y ma\u00f1ana. Las soluciones de seguridad inteligentes protegen su negocio. No importa qu\u00e9.<\/span><\/p><p><span style=\"color: #000000;\">Con una soluci\u00f3n de Axis de extremo a extremo para la vigilancia, puede estar tranquilo. Ya sea que su negocio sea muy peque\u00f1o o un poco m\u00e1s grande, estar\u00e1 bien protegido contra intrusos, robos, vandalismo y cualquier otra cosa que se le ocurra.<\/span><\/p><p><span style=\"color: #000000;\">De extremo a extremo significa que compras un sistema de seguridad completo adaptado a sus necesidades espec\u00edficas. Desde el software de gesti\u00f3n de v\u00eddeo hasta todos los dispositivos conectados, todo desde Axis. Eso podr\u00eda incluir una sola c\u00e1mara de red vigilando su entrada. O cien c\u00e1maras y otros dispositivos de seguridad de red de la amplia gama de productos de Axis, todos protegiendo sus instalaciones, d\u00eda y noche.<\/span><\/p><p style=\"text-align: center;\">\u00a0<\/p>\t\t\t\t\t\t\t\t<\/div>\n\t\t\t\t<\/div>\n\t\t\t\t\t<\/div>\n\t\t<\/div>\n\t\t\t\t\t<\/div>\n\t\t<\/section>\n\t\t\t\t<\/div>\n\t\t","protected":false},"excerpt":{"rendered":"<p>C\u00e1maras de Seguridad Axis Communications \/\/ C\u00c1MARAS DE SEGURIDAD C\u00e1mara de Red AXIS P3935-LR Vigilancia a bordo, sin importar el tipo de luz Dise\u00f1ada espec\u00edficamente para la videovigilancia a bordo de veh\u00edculos y material rodante, la c\u00e1mara AXIS P3935-LR ofrece im\u00e1genes mejoradas, infrarrojos y micr\u00f3fono integrado, funciones de seguridad mejoradas y amplias funciones de an\u00e1lisis. [&hellip;]<\/p>\n","protected":false},"author":7,"featured_media":0,"parent":6882,"menu_order":0,"comment_status":"closed","ping_status":"closed","template":"","meta":{"om_disable_all_campaigns":false,"_joinchat":[],"footnotes":""},"class_list":["post-7605","page","type-page","status-publish","hentry"],"yoast_head":"<!-- This site is optimized with the Yoast SEO plugin v25.5 - https:\/\/yoast.com\/wordpress\/plugins\/seo\/ -->\n<title>Empresa de Tecnolog\u00eda de Informaci\u00f3n y Telecomunicaci\u00f3n (TIC),<\/title>\n<meta name=\"description\" content=\"Experiencia nacional e internacional, en integraci\u00f3n tecnol\u00f3gica (comunicaciones, infraestructura, software, seguridad y respaldo) para soluciones empresariales de la regi\u00f3n.\" \/>\n<meta name=\"robots\" content=\"index, follow, max-snippet:-1, max-image-preview:large, max-video-preview:-1\" \/>\n<link rel=\"canonical\" href=\"https:\/\/www.icqtech.com\/?page_id=7605\" \/>\n<meta property=\"og:locale\" content=\"es_ES\" \/>\n<meta property=\"og:type\" content=\"article\" \/>\n<meta property=\"og:title\" content=\"Empresa de Tecnolog\u00eda de Informaci\u00f3n y Telecomunicaci\u00f3n (TIC),\" \/>\n<meta property=\"og:description\" content=\"Experiencia nacional e internacional, en integraci\u00f3n tecnol\u00f3gica (comunicaciones, infraestructura, software, seguridad y respaldo) para soluciones empresariales de la regi\u00f3n.\" \/>\n<meta property=\"og:url\" content=\"https:\/\/www.icqtech.com\/?page_id=7605\" \/>\n<meta property=\"og:site_name\" content=\"ICQTECH Trading Corp.\" \/>\n<meta property=\"article:modified_time\" content=\"2025-07-14T03:47:53+00:00\" \/>\n<meta property=\"og:image\" content=\"https:\/\/www.icqtech.com\/wp-content\/uploads\/2025\/07\/Axis_Communications_logo.png\" \/>\n\t<meta property=\"og:image:width\" content=\"1200\" \/>\n\t<meta property=\"og:image:height\" content=\"432\" \/>\n\t<meta property=\"og:image:type\" content=\"image\/png\" \/>\n<meta name=\"twitter:card\" content=\"summary_large_image\" \/>\n<meta name=\"twitter:label1\" content=\"Tiempo de lectura\" \/>\n\t<meta name=\"twitter:data1\" content=\"2 minutos\" \/>\n<script type=\"application\/ld+json\" class=\"yoast-schema-graph\">{\"@context\":\"https:\/\/schema.org\",\"@graph\":[{\"@type\":[\"WebPage\",\"AboutPage\"],\"@id\":\"https:\/\/www.icqtech.com\/?page_id=7605\",\"url\":\"https:\/\/www.icqtech.com\/?page_id=7605\",\"name\":\"Empresa de Tecnolog\u00eda de Informaci\u00f3n y Telecomunicaci\u00f3n (TIC),\",\"isPartOf\":{\"@id\":\"https:\/\/www.icqtech.com\/#website\"},\"primaryImageOfPage\":{\"@id\":\"https:\/\/www.icqtech.com\/?page_id=7605#primaryimage\"},\"image\":{\"@id\":\"https:\/\/www.icqtech.com\/?page_id=7605#primaryimage\"},\"thumbnailUrl\":\"https:\/\/www.icqtech.com\/wp-content\/uploads\/2025\/07\/Axis_Communications_logo-300x108.png\",\"datePublished\":\"2025-07-14T03:39:23+00:00\",\"dateModified\":\"2025-07-14T03:47:53+00:00\",\"description\":\"Experiencia nacional e internacional, en integraci\u00f3n tecnol\u00f3gica (comunicaciones, infraestructura, software, seguridad y respaldo) para soluciones empresariales de la regi\u00f3n.\",\"breadcrumb\":{\"@id\":\"https:\/\/www.icqtech.com\/?page_id=7605#breadcrumb\"},\"inLanguage\":\"es\",\"potentialAction\":[{\"@type\":\"ReadAction\",\"target\":[\"https:\/\/www.icqtech.com\/?page_id=7605\"]}]},{\"@type\":\"ImageObject\",\"inLanguage\":\"es\",\"@id\":\"https:\/\/www.icqtech.com\/?page_id=7605#primaryimage\",\"url\":\"https:\/\/www.icqtech.com\/wp-content\/uploads\/2025\/07\/Axis_Communications_logo.png\",\"contentUrl\":\"https:\/\/www.icqtech.com\/wp-content\/uploads\/2025\/07\/Axis_Communications_logo.png\",\"width\":1200,\"height\":432},{\"@type\":\"BreadcrumbList\",\"@id\":\"https:\/\/www.icqtech.com\/?page_id=7605#breadcrumb\",\"itemListElement\":[{\"@type\":\"ListItem\",\"position\":1,\"name\":\"Home\",\"item\":\"https:\/\/www.icqtech.com\/\"},{\"@type\":\"ListItem\",\"position\":2,\"name\":\"Valores Tecnol\u00f3gicos\",\"item\":\"https:\/\/www.icqtech.com\/?page_id=6882\"},{\"@type\":\"ListItem\",\"position\":3,\"name\":\"Camaras de Seguridad &#8211; Axis Comunications\"}]},{\"@type\":\"WebSite\",\"@id\":\"https:\/\/www.icqtech.com\/#website\",\"url\":\"https:\/\/www.icqtech.com\/\",\"name\":\"CQTECH Trading Corp.\",\"description\":\"Infraestructura Tecnol\u00f3gica Especializada\",\"publisher\":{\"@id\":\"https:\/\/www.icqtech.com\/#organization\"},\"alternateName\":\"Tecnolog\u00eda de Informaci\u00f3n y Telecomunicaci\u00f3n (TIC),\",\"potentialAction\":[{\"@type\":\"SearchAction\",\"target\":{\"@type\":\"EntryPoint\",\"urlTemplate\":\"https:\/\/www.icqtech.com\/?s={search_term_string}\"},\"query-input\":{\"@type\":\"PropertyValueSpecification\",\"valueRequired\":true,\"valueName\":\"search_term_string\"}}],\"inLanguage\":\"es\"},{\"@type\":\"Organization\",\"@id\":\"https:\/\/www.icqtech.com\/#organization\",\"name\":\"CQTECH Trading Corp.\",\"url\":\"https:\/\/www.icqtech.com\/\",\"logo\":{\"@type\":\"ImageObject\",\"inLanguage\":\"es\",\"@id\":\"https:\/\/www.icqtech.com\/#\/schema\/logo\/image\/\",\"url\":\"https:\/\/www.icqtech.com\/wp-content\/uploads\/2021\/04\/cqtech-logo-bolsillo-vectorizado2018.png\",\"contentUrl\":\"https:\/\/www.icqtech.com\/wp-content\/uploads\/2021\/04\/cqtech-logo-bolsillo-vectorizado2018.png\",\"width\":492,\"height\":280,\"caption\":\"CQTECH Trading Corp.\"},\"image\":{\"@id\":\"https:\/\/www.icqtech.com\/#\/schema\/logo\/image\/\"},\"sameAs\":[\"https:\/\/pa.linkedin.com\/company\/cqtech-trading-corp.\"]}]}<\/script>\n<!-- \/ Yoast SEO plugin. -->","yoast_head_json":{"title":"Empresa de Tecnolog\u00eda de Informaci\u00f3n y Telecomunicaci\u00f3n (TIC),","description":"Experiencia nacional e internacional, en integraci\u00f3n tecnol\u00f3gica (comunicaciones, infraestructura, software, seguridad y respaldo) para soluciones empresariales de la regi\u00f3n.","robots":{"index":"index","follow":"follow","max-snippet":"max-snippet:-1","max-image-preview":"max-image-preview:large","max-video-preview":"max-video-preview:-1"},"canonical":"https:\/\/www.icqtech.com\/?page_id=7605","og_locale":"es_ES","og_type":"article","og_title":"Empresa de Tecnolog\u00eda de Informaci\u00f3n y Telecomunicaci\u00f3n (TIC),","og_description":"Experiencia nacional e internacional, en integraci\u00f3n tecnol\u00f3gica (comunicaciones, infraestructura, software, seguridad y respaldo) para soluciones empresariales de la regi\u00f3n.","og_url":"https:\/\/www.icqtech.com\/?page_id=7605","og_site_name":"ICQTECH Trading Corp.","article_modified_time":"2025-07-14T03:47:53+00:00","og_image":[{"width":1200,"height":432,"url":"https:\/\/www.icqtech.com\/wp-content\/uploads\/2025\/07\/Axis_Communications_logo.png","type":"image\/png"}],"twitter_card":"summary_large_image","twitter_misc":{"Tiempo de lectura":"2 minutos"},"schema":{"@context":"https:\/\/schema.org","@graph":[{"@type":["WebPage","AboutPage"],"@id":"https:\/\/www.icqtech.com\/?page_id=7605","url":"https:\/\/www.icqtech.com\/?page_id=7605","name":"Empresa de Tecnolog\u00eda de Informaci\u00f3n y Telecomunicaci\u00f3n (TIC),","isPartOf":{"@id":"https:\/\/www.icqtech.com\/#website"},"primaryImageOfPage":{"@id":"https:\/\/www.icqtech.com\/?page_id=7605#primaryimage"},"image":{"@id":"https:\/\/www.icqtech.com\/?page_id=7605#primaryimage"},"thumbnailUrl":"https:\/\/www.icqtech.com\/wp-content\/uploads\/2025\/07\/Axis_Communications_logo-300x108.png","datePublished":"2025-07-14T03:39:23+00:00","dateModified":"2025-07-14T03:47:53+00:00","description":"Experiencia nacional e internacional, en integraci\u00f3n tecnol\u00f3gica (comunicaciones, infraestructura, software, seguridad y respaldo) para soluciones empresariales de la regi\u00f3n.","breadcrumb":{"@id":"https:\/\/www.icqtech.com\/?page_id=7605#breadcrumb"},"inLanguage":"es","potentialAction":[{"@type":"ReadAction","target":["https:\/\/www.icqtech.com\/?page_id=7605"]}]},{"@type":"ImageObject","inLanguage":"es","@id":"https:\/\/www.icqtech.com\/?page_id=7605#primaryimage","url":"https:\/\/www.icqtech.com\/wp-content\/uploads\/2025\/07\/Axis_Communications_logo.png","contentUrl":"https:\/\/www.icqtech.com\/wp-content\/uploads\/2025\/07\/Axis_Communications_logo.png","width":1200,"height":432},{"@type":"BreadcrumbList","@id":"https:\/\/www.icqtech.com\/?page_id=7605#breadcrumb","itemListElement":[{"@type":"ListItem","position":1,"name":"Home","item":"https:\/\/www.icqtech.com\/"},{"@type":"ListItem","position":2,"name":"Valores Tecnol\u00f3gicos","item":"https:\/\/www.icqtech.com\/?page_id=6882"},{"@type":"ListItem","position":3,"name":"Camaras de Seguridad &#8211; Axis Comunications"}]},{"@type":"WebSite","@id":"https:\/\/www.icqtech.com\/#website","url":"https:\/\/www.icqtech.com\/","name":"CQTECH Trading Corp.","description":"Infraestructura Tecnol\u00f3gica Especializada","publisher":{"@id":"https:\/\/www.icqtech.com\/#organization"},"alternateName":"Tecnolog\u00eda de Informaci\u00f3n y Telecomunicaci\u00f3n (TIC),","potentialAction":[{"@type":"SearchAction","target":{"@type":"EntryPoint","urlTemplate":"https:\/\/www.icqtech.com\/?s={search_term_string}"},"query-input":{"@type":"PropertyValueSpecification","valueRequired":true,"valueName":"search_term_string"}}],"inLanguage":"es"},{"@type":"Organization","@id":"https:\/\/www.icqtech.com\/#organization","name":"CQTECH Trading Corp.","url":"https:\/\/www.icqtech.com\/","logo":{"@type":"ImageObject","inLanguage":"es","@id":"https:\/\/www.icqtech.com\/#\/schema\/logo\/image\/","url":"https:\/\/www.icqtech.com\/wp-content\/uploads\/2021\/04\/cqtech-logo-bolsillo-vectorizado2018.png","contentUrl":"https:\/\/www.icqtech.com\/wp-content\/uploads\/2021\/04\/cqtech-logo-bolsillo-vectorizado2018.png","width":492,"height":280,"caption":"CQTECH Trading Corp."},"image":{"@id":"https:\/\/www.icqtech.com\/#\/schema\/logo\/image\/"},"sameAs":["https:\/\/pa.linkedin.com\/company\/cqtech-trading-corp."]}]}},"_links":{"self":[{"href":"https:\/\/www.icqtech.com\/index.php?rest_route=\/wp\/v2\/pages\/7605"}],"collection":[{"href":"https:\/\/www.icqtech.com\/index.php?rest_route=\/wp\/v2\/pages"}],"about":[{"href":"https:\/\/www.icqtech.com\/index.php?rest_route=\/wp\/v2\/types\/page"}],"author":[{"embeddable":true,"href":"https:\/\/www.icqtech.com\/index.php?rest_route=\/wp\/v2\/users\/7"}],"replies":[{"embeddable":true,"href":"https:\/\/www.icqtech.com\/index.php?rest_route=%2Fwp%2Fv2%2Fcomments&post=7605"}],"version-history":[{"count":5,"href":"https:\/\/www.icqtech.com\/index.php?rest_route=\/wp\/v2\/pages\/7605\/revisions"}],"predecessor-version":[{"id":7620,"href":"https:\/\/www.icqtech.com\/index.php?rest_route=\/wp\/v2\/pages\/7605\/revisions\/7620"}],"up":[{"embeddable":true,"href":"https:\/\/www.icqtech.com\/index.php?rest_route=\/wp\/v2\/pages\/6882"}],"wp:attachment":[{"href":"https:\/\/www.icqtech.com\/index.php?rest_route=%2Fwp%2Fv2%2Fmedia&parent=7605"}],"curies":[{"name":"wp","href":"https:\/\/api.w.org\/{rel}","templated":true}]}}